posite number?
True
Is 11821 composite?
False
Is 258719 a composite number?
True
Is 22921 a prime number?
True
Is 1171 a prime number?
True
Is 675017 prime?
False
Is 4561 a prime number?
True
Is 352607 prime?
True
Is 14698 prime?
False
Is 4775939 prime?
False
Is 46571 a composite number?
True
Is 14243 a prime number?
True
Is 43541 a prime number?
True
Is 25217 a composite number?
True
Is 85541 a prime number?
False
Is 2671 prime?
True
Is 15371 a composite number?
True
Is 42001 a prime number?
False
Is 5189 prime?
True
Is 124231 composite?
False
Is 7537 prime?
True
Is 78301 a prime number?
True
Is 1337 composite?
True
Is 4139 composite?
False
Is 97323 a prime number?
False
Is 54767 composite?
False
Is 9293 a prime number?
True
Is 121913 a composite number?
True
Is 8779 prime?
True
Is 13033 a composite number?
False
Is 15679 a prime number?
True
Is 125863 prime?
True
Is 9901 a prime number?
True
Is 38447 prime?
True
Is 90443 a composite number?
True
Is 10677 composite?
True
Is 211207 prime?
False
Is 52945 composite?
True
Is 4861 prime?
True
Is 1275269 a prime number?
True
Is 11197 composite?
False
Is 44879 a prime number?
True
Is 7841 prime?
True
Is 309143 a prime number?
False
Is 24281 prime?
True
Is 36429 a prime number?
False
Is 8509 a composite number?
True
Is 3287 a composite number?
True
Is 4335041 a composite number?
False
Is 476393 a prime number?
False
Is 45937 composite?
True
Is 1746251 a prime number?
False
Is 5171 a composite number?
False
Is 62 prime?
False
Is 1139 a prime number?
False
Is 12707 composite?
True
Is 73985 a prime number?
False
Is 680831 a prime number?
True
Is 27785 composite?
True
Is 913 a prime number?
False
Is 25693 composite?
False
Is 59689 prime?
False
Is 133253 a prime number?
True
Is 15541 composite?
False
Is 6947 a prime number?
True
Is 2494749 prime?
False
Is 14447 composite?
False
Is 97 a composite number?
False
Is 1484567 a prime number?
False
Is 380363 a composite number?
False
Is 631 composite?
False
Is 557 prime?
True
Is 427423 composite?
False
Is 249763 prime?
True
Is 71661 a composite number?
True
Is 30749 composite?
True
Is 76357 a composite number?
True
Is 9677 a prime number?
True
Is 31138 a composite number?
True
Is 93363 a prime number?
False
Is 58169 composite?
False
Is 1445582 prime?
False
Is 42587 prime?
False
Is 4487 composite?
True
Is 1781641 prime?
True
Is 30721 a prime number?
False
Is 96581 composite?
False
Is 433915 a composite number?
True
Is 685511 a composite number?
False
Is 17722 prime?
False
Is 719 a composite number?
False
Is 224699 composite?
False
Is 22 a prime number?
False
Is 9197 composite?
True
Is 14971 a prime number?
False
Is 547759 a prime number?
False
Is 140081 composite?
True
Is 2599 prime?
False
Is 304193 a prime number?
True
Is 14635 prime?
False
Is 44567 a composite number?
True
Is 497317 a prime number?
False
Is 12515 a composite number?
True
Is 56611 composite?
False
Is 157837 a composite number?
False
Is 201511 a prime number?
True
Is 18383 prime?
False
Is 655115 a prime number?
False
Is 44637 composite?
True
Is 3629 composite?
True
Is 9649 a prime number?
True
Is 9517 composite?
True
Is 148507 a composite number?
True
Is 33851 a composite number?
False
Is 9799 a prime number?
False
Is 9385 a composite number?
True
Is 129227 prime?
False
Is 4547 composite?
False
Is 308947 a prime number?
False
Is 13323 composite?
True
Is 619657 a composite number?
False
Is 5749 prime?
True
Is 590735 a prime number?
False
Is 26327 a prime number?
False
Is 734329 a prime number?
True
Is 7103 composite?
False
Is 186071 a composite number?
False
Is 13397 a composite number?
False
Is 50357 prime?
False
Is 6711 a prime number?
False
Is 10369 prime?
True
Is 548651 a composite number?
True
Is 74177 a composite number?
False
Is 20103 a composite number?
True
Is 25417 prime?
False
Is 39359 a prime number?
True
Is 2520997 composite?
True
Is 523747 composite?
True
Is 4391 a composite number?
False
Is 14281 composite?
False
Is 15929 a prime number?
False
Is 1704273 a prime number?
False
Is 4812937 a prime number?
True
Is 1795 composite?
True
Is 36197 composite?
True
Is 10603 composite?
True
Is 24835 a prime number?
False
Is 1515467 a composite number?
True
Is 8501 composite?
False
Is 114859 composite?
False
Is 29383 a composite number?
False
Is 157 prime?
True
Is 373 a prime number?
True
Is 1567121 prime?
False
Is 268361 a prime number?
False
Is 34027 prime?
False
Is 66565 a composite number?
True
Is 14403 prime?
False
Is 1007843 composite?
True
Is 6371 prime?
False
Is 25079 a prime number?
False
Is 28562 a prime number?
False
Is 15817 a prime number?
True
Is 118493 composite?
False
Is 616349 prime?
False
Is 157007 a composite number?
False
Is 207191 composite?
False
Is 104029 a prime number?
False
Is 3239 composite?
True
Is 35729 prime?
True
Is 77137 composite?
False
Is 78467 a composite number?
False
Is 12311 prime?
False
Is 351467 composite?
True
Is 2953601 composite?
True
Is 648563 composite?
False
Is 9527 prime?
False
Is 5207 prime?
False
Is 151337 a composite number?
False
Is 752149 a prime number?
True
Is 33013 prime?
True
Is 12641 prime?
True
Is 2518 a composite number?
True
Is 4783 composite?
False
Is 233165 a composite number?
True
Is 29219 composite?
True
Is 2570405 prime?
False
Is 1561 a composite number?
True
Is 33809 composite?
False
Is 265079 composite?
False
Is 29077 composite?
False
Is 247045 prime?
False
Is 3647 prime?
False
Is 3443127 composite?
True
Is 4507 a composite number?
False
Is 191227 a prime number?
True
Is 181581 prime?
False
Is 1031899 prime?
False
Is 2317 a composite number?
True
Is 14821 a composite number?
False
Is 240937 composite?
True
Is 117869 prime?
False
Is 15163 prime?
False
Is 7727 prime?
True
Is 27481 prime?
True
Is 3389 prime?
True
Is 42103 a composite number?
True
Is 1471 a prime number?
True
Is 1338637 a prime number?
True
Is 71339 prime?
True
Is 123169 composite?
False
Is 181183 a composite number?
False
Is 22733 a composite number?
True
Is 28043 prime?
False
Is 78467 prime?
True
Is 1921 a prime number?
False
Is 257533 a composite number?
True
Is 3989 composite?
False
Is 25261 prime?
True
Is 7963 a prime number?
True
Is 103307 a composite number?
False
Is 175438 prime?
False
Is 97423 a prime number?
True
Is 30733 prime?
False
Is 57167 a composite number?
True
Is 40693 a composite number?
False
Is 187115 a composite number?
True
Is 238319 a composite number?
True
Is 35797 a prime number?
True
Is 21863 a prime number?
True
Is 171293 composite?
False
Is 46321 prime?
False
Is 640837 a prime number?
True
Is 95371 a composite number?
True
Is 877103 a prime number?
False
Is 491605 a prime number?
False
Is 56471 composite?
True
Is 676649 prime?
True
Is 6122 composite?
True
Is 2903 a composite number?
False
Is 40643 prime?
False
Is 153191 prime?
True
Is 2676637 a composite number?
False
Is 8803 prime?
True
Is 15013 a prime number?
True
Is 193711 a composite number?
True
Is 142673 prime?
True
Is 1642 composite?
True
Is 53311 a prime number?
False
Is 425027 prime?
True
Is 287363 a composite number?
True
Is 666001 a composite number?
True
Is 235483 a composite number?
False
Is 9781 composite?
False
Is 249377 prime?
True
Is 9634 prime?
False
Is 28151 a composite number?
False
Is 23962 a composite number?
True
Is 1729685 composite?
True
Is 648691 a prime number?
False
Is 4105 a prime number?
False
Is 15569 composite?
False
Is 1210711 composite?
False
Is 187966 a composite number?
True
Is 414131 a prime number?
True
Is 2811 composite?
True
Is 90313 a prime number?
True
Is 8069 a prime number?
True
Is 6143 prime?
True
Is 11477 prime?
False
Is 1477 a composite number?
True
Is 128717 a composite number?
False
Is 35393 a prime number?
True
Is 6238 prime?
False
Is 85247 a composite number?
False
Is 268655 composite?
True
Is 34123 a prime number?
True
Is 167641 composite?
False
Is 102139 composite?
False
Is 5755 composite?
True
Is 1881899 composite?
False
Is 81521 a composite number?
True
Is 8402 a prime number?
False
Is 55037 prime?
False
Is 1284637 a prime number?
False
Is 1999471 composite?
False
Is 245843 prime?
False
Is 1423 a prime number?
True
Is 578381 composite?
True
Is 12401 composite?
False
Is 22343 a composite number?
False
Is 427297 a prime number?
F